{"id":98,"date":"2015-11-07T21:24:53","date_gmt":"2015-11-07T20:24:53","guid":{"rendered":"http:\/\/metabief-equitation.fr\/wordpress\/?page_id=98"},"modified":"2016-02-19T08:59:31","modified_gmt":"2016-02-19T07:59:31","slug":"activites-2","status":"publish","type":"page","link":"https:\/\/metabief-equitation.fr\/?page_id=98","title":{"rendered":"Activit\u00e9s"},"content":{"rendered":"<div class=\"foogallery foogallery-container foogallery-default foogallery-lightbox-foobox-free fg-gutter-5 fg-center fg-default fg-light fg-round-small fg-loading-default fg-loaded-fade-in fg-ready\" id=\"foogallery-gallery-1553\" data-foogallery=\"{&quot;item&quot;:{&quot;showCaptionTitle&quot;:true,&quot;showCaptionDescription&quot;:true},&quot;lazy&quot;:true}\" >\r\n\t<div class=\"fg-item fg-type-image fg-idle\"><figure class=\"fg-item-inner\"><a href=\"https:\/\/metabief-equitation.fr\/wp-content\/uploads\/2015\/12\/Logo-CSO_listitem_no_crop-1.png\" data-attachment-id=\"1554\" class=\"fg-thumb\"><span class=\"fg-image-wrap\"><img width=\"100\" height=\"100\" class=\"skip-lazy fg-image\" data-src-fg=\"https:\/\/metabief-equitation.fr\/wp-content\/uploads\/cache\/2015\/12\/Logo-CSO_listitem_no_crop-1\/612694890.png\" src=\"data:image\/svg+xml,%3Csvg%20xmlns%3D%22http%3A%2F%2Fwww.w3.org%2F2000%2Fsvg%22%20width%3D%22100%22%20height%3D%22100%22%20viewBox%3D%220%200%20100%20100%22%3E%3C%2Fsvg%3E\" \/><\/span><span class=\"fg-image-overlay\"><\/span><\/a><figcaption class=\"fg-caption\"><div class=\"fg-caption-inner\"><\/div><\/figcaption><\/figure><div class=\"fg-loader\"><\/div><\/div><div class=\"fg-item fg-type-image fg-idle\"><figure class=\"fg-item-inner\"><a href=\"https:\/\/metabief-equitation.fr\/wp-content\/uploads\/2015\/12\/Logo-Dressage_listitem_no_crop-1.png\" data-attachment-id=\"1555\" class=\"fg-thumb\"><span class=\"fg-image-wrap\"><img width=\"100\" height=\"100\" class=\"skip-lazy fg-image\" data-src-fg=\"https:\/\/metabief-equitation.fr\/wp-content\/uploads\/cache\/2015\/12\/Logo-Dressage_listitem_no_crop-1\/-276294212.png\" src=\"data:image\/svg+xml,%3Csvg%20xmlns%3D%22http%3A%2F%2Fwww.w3.org%2F2000%2Fsvg%22%20width%3D%22100%22%20height%3D%22100%22%20viewBox%3D%220%200%20100%20100%22%3E%3C%2Fsvg%3E\" \/><\/span><span class=\"fg-image-overlay\"><\/span><\/a><figcaption class=\"fg-caption\"><div class=\"fg-caption-inner\"><\/div><\/figcaption><\/figure><div class=\"fg-loader\"><\/div><\/div><div class=\"fg-item fg-type-image fg-idle\"><figure class=\"fg-item-inner\"><a href=\"https:\/\/metabief-equitation.fr\/wp-content\/uploads\/2015\/12\/Logo-CCE_listitem_no_crop-1.png\" data-attachment-id=\"1556\" class=\"fg-thumb\"><span class=\"fg-image-wrap\"><img width=\"100\" height=\"100\" class=\"skip-lazy fg-image\" data-src-fg=\"https:\/\/metabief-equitation.fr\/wp-content\/uploads\/cache\/2015\/12\/Logo-CCE_listitem_no_crop-1\/902332264.png\" src=\"data:image\/svg+xml,%3Csvg%20xmlns%3D%22http%3A%2F%2Fwww.w3.org%2F2000%2Fsvg%22%20width%3D%22100%22%20height%3D%22100%22%20viewBox%3D%220%200%20100%20100%22%3E%3C%2Fsvg%3E\" \/><\/span><span class=\"fg-image-overlay\"><\/span><\/a><figcaption class=\"fg-caption\"><div class=\"fg-caption-inner\"><\/div><\/figcaption><\/figure><div class=\"fg-loader\"><\/div><\/div><div class=\"fg-item fg-type-image fg-idle\"><figure class=\"fg-item-inner\"><a href=\"https:\/\/metabief-equitation.fr\/wp-content\/uploads\/2015\/12\/Logo_EFE_PCF_CCF-e1451325201716-1.jpg\" data-attachment-id=\"1561\" class=\"fg-thumb\"><span class=\"fg-image-wrap\"><img width=\"100\" height=\"100\" class=\"skip-lazy fg-image\" data-src-fg=\"https:\/\/metabief-equitation.fr\/wp-content\/uploads\/cache\/2015\/12\/Logo_EFE_PCF_CCF-e1451325201716-1\/668980774.jpg\" src=\"data:image\/svg+xml,%3Csvg%20xmlns%3D%22http%3A%2F%2Fwww.w3.org%2F2000%2Fsvg%22%20width%3D%22100%22%20height%3D%22100%22%20viewBox%3D%220%200%20100%20100%22%3E%3C%2Fsvg%3E\" \/><\/span><span class=\"fg-image-overlay\"><\/span><\/a><figcaption class=\"fg-caption\"><div class=\"fg-caption-inner\"><\/div><\/figcaption><\/figure><div class=\"fg-loader\"><\/div><\/div><div class=\"fg-item fg-type-image fg-idle\"><figure class=\"fg-item-inner\"><a href=\"https:\/\/metabief-equitation.fr\/wp-content\/uploads\/2015\/12\/Logo-Hunter_listitem_no_crop-1.png\" data-attachment-id=\"1557\" class=\"fg-thumb\"><span class=\"fg-image-wrap\"><img width=\"100\" height=\"100\" class=\"skip-lazy fg-image\" data-src-fg=\"https:\/\/metabief-equitation.fr\/wp-content\/uploads\/cache\/2015\/12\/Logo-Hunter_listitem_no_crop-1\/-553287993.png\" src=\"data:image\/svg+xml,%3Csvg%20xmlns%3D%22http%3A%2F%2Fwww.w3.org%2F2000%2Fsvg%22%20width%3D%22100%22%20height%3D%22100%22%20viewBox%3D%220%200%20100%20100%22%3E%3C%2Fsvg%3E\" \/><\/span><span class=\"fg-image-overlay\"><\/span><\/a><figcaption class=\"fg-caption\"><div class=\"fg-caption-inner\"><\/div><\/figcaption><\/figure><div class=\"fg-loader\"><\/div><\/div><div class=\"fg-item fg-type-image fg-idle\"><figure class=\"fg-item-inner\"><a href=\"https:\/\/metabief-equitation.fr\/wp-content\/uploads\/2015\/12\/Logo-Poney_listitem_no_crop-1.png\" data-attachment-id=\"1558\" class=\"fg-thumb\"><span class=\"fg-image-wrap\"><img width=\"100\" height=\"100\" class=\"skip-lazy fg-image\" data-src-fg=\"https:\/\/metabief-equitation.fr\/wp-content\/uploads\/cache\/2015\/12\/Logo-Poney_listitem_no_crop-1\/-1487358148.png\" src=\"data:image\/svg+xml,%3Csvg%20xmlns%3D%22http%3A%2F%2Fwww.w3.org%2F2000%2Fsvg%22%20width%3D%22100%22%20height%3D%22100%22%20viewBox%3D%220%200%20100%20100%22%3E%3C%2Fsvg%3E\" \/><\/span><span class=\"fg-image-overlay\"><\/span><\/a><figcaption class=\"fg-caption\"><div class=\"fg-caption-inner\"><\/div><\/figcaption><\/figure><div class=\"fg-loader\"><\/div><\/div><div class=\"fg-item fg-type-image fg-idle\"><figure class=\"fg-item-inner\"><a href=\"https:\/\/metabief-equitation.fr\/wp-content\/uploads\/2015\/12\/Logo-SkyJoring_listitem_no_crop-1.png\" data-attachment-id=\"1559\" class=\"fg-thumb\"><span class=\"fg-image-wrap\"><img width=\"100\" height=\"100\" class=\"skip-lazy fg-image\" data-src-fg=\"https:\/\/metabief-equitation.fr\/wp-content\/uploads\/cache\/2015\/12\/Logo-SkyJoring_listitem_no_crop-1\/-1311374457.png\" src=\"data:image\/svg+xml,%3Csvg%20xmlns%3D%22http%3A%2F%2Fwww.w3.org%2F2000%2Fsvg%22%20width%3D%22100%22%20height%3D%22100%22%20viewBox%3D%220%200%20100%20100%22%3E%3C%2Fsvg%3E\" \/><\/span><span class=\"fg-image-overlay\"><\/span><\/a><figcaption class=\"fg-caption\"><div class=\"fg-caption-inner\"><\/div><\/figcaption><\/figure><div class=\"fg-loader\"><\/div><\/div><div class=\"fg-item fg-type-image fg-idle\"><figure class=\"fg-item-inner\"><a href=\"https:\/\/metabief-equitation.fr\/wp-content\/uploads\/2015\/12\/Label-Centre-de-Tourisme-Equestre_billboard.jpg\" data-attachment-id=\"1758\" class=\"fg-thumb\"><span class=\"fg-image-wrap\"><img width=\"100\" height=\"100\" class=\"skip-lazy fg-image\" data-src-fg=\"https:\/\/metabief-equitation.fr\/wp-content\/uploads\/cache\/2015\/12\/Label-Centre-de-Tourisme-Equestre_billboard\/1419197525.jpg\" src=\"data:image\/svg+xml,%3Csvg%20xmlns%3D%22http%3A%2F%2Fwww.w3.org%2F2000%2Fsvg%22%20width%3D%22100%22%20height%3D%22100%22%20viewBox%3D%220%200%20100%20100%22%3E%3C%2Fsvg%3E\" \/><\/span><span class=\"fg-image-overlay\"><\/span><\/a><figcaption class=\"fg-caption\"><div class=\"fg-caption-inner\"><\/div><\/figcaption><\/figure><div class=\"fg-loader\"><\/div><\/div><div class=\"fg-item fg-type-image fg-idle\"><figure class=\"fg-item-inner\"><a href=\"https:\/\/metabief-equitation.fr\/wp-content\/uploads\/2015\/12\/logo.png\" data-attachment-id=\"1757\" class=\"fg-thumb\"><span class=\"fg-image-wrap\"><img width=\"100\" height=\"100\" class=\"skip-lazy fg-image\" data-src-fg=\"https:\/\/metabief-equitation.fr\/wp-content\/uploads\/cache\/2015\/12\/logo\/-2038206122.png\" src=\"data:image\/svg+xml,%3Csvg%20xmlns%3D%22http%3A%2F%2Fwww.w3.org%2F2000%2Fsvg%22%20width%3D%22100%22%20height%3D%22100%22%20viewBox%3D%220%200%20100%20100%22%3E%3C%2Fsvg%3E\" \/><\/span><span class=\"fg-image-overlay\"><\/span><\/a><figcaption class=\"fg-caption\"><div class=\"fg-caption-inner\"><\/div><\/figcaption><\/figure><div class=\"fg-loader\"><\/div><\/div><\/div>\r\n\n<p><strong>\u00a0<\/strong><\/p>\n<p><strong>Nous vous proposons (d\u00e8s 8 ans et selon votre niveau) :<\/strong><\/p>\n<ul style=\"list-style-type: square;\">\n<li>Des le\u00e7ons en man\u00e8ge, carri\u00e8re ou sur le cross (d\u00e8s le galop 5)<\/li>\n<li>Des stages pendant certaines vacances scolaires<\/li>\n<li>La pr\u00e9paration et le passage des examens f\u00e9d\u00e9raux<\/li>\n<li>Des promenades et randonn\u00e9es de 1H \u00e0 plusieurs jours<\/li>\n<li>Diverses activit\u00e9s hivernales<\/li>\n<\/ul>\n<p>&nbsp;<\/p>\n<h3 style=\"text-align: center;\"><a href=\"http:\/\/metabief-equitation.fr\/?page_id=137\">L&rsquo;\u00e9quipe<\/a><\/h3>\n<h3 style=\"text-align: center;\"><a href=\"http:\/\/metabief-equitation.fr\/?page_id=1006\">Calendrier<\/a><\/h3>\n<div class=\"foogallery foogallery-container foogallery-default foogallery-lightbox-foobox-free fg-gutter-10 fg-center fg-default fg-light fg-border-thin fg-shadow-small fg-loading-default fg-loaded-fade-in fg-hover-fade fg-hover-zoom fg-ready\" id=\"foogallery-gallery-99\" data-foogallery=\"{&quot;item&quot;:{&quot;showCaptionTitle&quot;:false,&quot;showCaptionDescription&quot;:false},&quot;lazy&quot;:true}\" >\r\n\t<div class=\"fg-item fg-type-image fg-idle\"><figure class=\"fg-item-inner\"><a href=\"https:\/\/metabief-equitation.fr\/wp-content\/uploads\/2015\/11\/Lecon_carriere-1.jpg\" data-attachment-id=\"100\" class=\"fg-thumb\"><span class=\"fg-image-wrap\"><img width=\"150\" height=\"150\" class=\"skip-lazy fg-image\" data-src-fg=\"https:\/\/metabief-equitation.fr\/wp-content\/uploads\/2015\/11\/Lecon_carriere-1.jpg\" src=\"data:image\/svg+xml,%3Csvg%20xmlns%3D%22http%3A%2F%2Fwww.w3.org%2F2000%2Fsvg%22%20width%3D%22150%22%20height%3D%22150%22%20viewBox%3D%220%200%20150%20150%22%3E%3C%2Fsvg%3E\" \/><\/span><span class=\"fg-image-overlay\"><\/span><\/a><figcaption class=\"fg-caption\"><div class=\"fg-caption-inner\"><\/div><\/figcaption><\/figure><div class=\"fg-loader\"><\/div><\/div><div class=\"fg-item fg-type-image fg-idle\"><figure class=\"fg-item-inner\"><a href=\"https:\/\/metabief-equitation.fr\/wp-content\/uploads\/2015\/11\/Lecon_manege-1.jpg\" data-attachment-id=\"101\" class=\"fg-thumb\"><span class=\"fg-image-wrap\"><img width=\"150\" height=\"150\" class=\"skip-lazy fg-image\" data-src-fg=\"https:\/\/metabief-equitation.fr\/wp-content\/uploads\/2015\/11\/Lecon_manege-1.jpg\" src=\"data:image\/svg+xml,%3Csvg%20xmlns%3D%22http%3A%2F%2Fwww.w3.org%2F2000%2Fsvg%22%20width%3D%22150%22%20height%3D%22150%22%20viewBox%3D%220%200%20150%20150%22%3E%3C%2Fsvg%3E\" \/><\/span><span class=\"fg-image-overlay\"><\/span><\/a><figcaption class=\"fg-caption\"><div class=\"fg-caption-inner\"><\/div><\/figcaption><\/figure><div class=\"fg-loader\"><\/div><\/div><div class=\"fg-item fg-type-image fg-idle\"><figure class=\"fg-item-inner\"><a href=\"https:\/\/metabief-equitation.fr\/wp-content\/uploads\/2015\/11\/Rando_1-1024x658-1.jpg\" data-attachment-id=\"102\" class=\"fg-thumb\"><span class=\"fg-image-wrap\"><img width=\"150\" height=\"150\" class=\"skip-lazy fg-image\" data-src-fg=\"https:\/\/metabief-equitation.fr\/wp-content\/uploads\/cache\/2015\/11\/Rando_1-1024x658-1\/1459058971.jpg\" src=\"data:image\/svg+xml,%3Csvg%20xmlns%3D%22http%3A%2F%2Fwww.w3.org%2F2000%2Fsvg%22%20width%3D%22150%22%20height%3D%22150%22%20viewBox%3D%220%200%20150%20150%22%3E%3C%2Fsvg%3E\" \/><\/span><span class=\"fg-image-overlay\"><\/span><\/a><figcaption class=\"fg-caption\"><div class=\"fg-caption-inner\"><\/div><\/figcaption><\/figure><div class=\"fg-loader\"><\/div><\/div><div class=\"fg-item fg-type-image fg-idle\"><figure class=\"fg-item-inner\"><a href=\"https:\/\/metabief-equitation.fr\/wp-content\/uploads\/2015\/11\/Rando_3-1.jpg\" data-attachment-id=\"103\" class=\"fg-thumb\"><span class=\"fg-image-wrap\"><img width=\"150\" height=\"150\" class=\"skip-lazy fg-image\" data-src-fg=\"https:\/\/metabief-equitation.fr\/wp-content\/uploads\/2015\/11\/Rando_3-1.jpg\" src=\"data:image\/svg+xml,%3Csvg%20xmlns%3D%22http%3A%2F%2Fwww.w3.org%2F2000%2Fsvg%22%20width%3D%22150%22%20height%3D%22150%22%20viewBox%3D%220%200%20150%20150%22%3E%3C%2Fsvg%3E\" \/><\/span><span class=\"fg-image-overlay\"><\/span><\/a><figcaption class=\"fg-caption\"><div class=\"fg-caption-inner\"><\/div><\/figcaption><\/figure><div class=\"fg-loader\"><\/div><\/div><div class=\"fg-item fg-type-image fg-idle\"><figure class=\"fg-item-inner\"><a href=\"https:\/\/metabief-equitation.fr\/wp-content\/uploads\/2015\/11\/Rando_4-1.jpg\" data-attachment-id=\"104\" class=\"fg-thumb\"><span class=\"fg-image-wrap\"><img width=\"150\" height=\"150\" class=\"skip-lazy fg-image\" data-src-fg=\"https:\/\/metabief-equitation.fr\/wp-content\/uploads\/2015\/11\/Rando_4-1.jpg\" src=\"data:image\/svg+xml,%3Csvg%20xmlns%3D%22http%3A%2F%2Fwww.w3.org%2F2000%2Fsvg%22%20width%3D%22150%22%20height%3D%22150%22%20viewBox%3D%220%200%20150%20150%22%3E%3C%2Fsvg%3E\" \/><\/span><span class=\"fg-image-overlay\"><\/span><\/a><figcaption class=\"fg-caption\"><div class=\"fg-caption-inner\"><\/div><\/figcaption><\/figure><div class=\"fg-loader\"><\/div><\/div><div class=\"fg-item fg-type-image fg-idle\"><figure class=\"fg-item-inner\"><a href=\"https:\/\/metabief-equitation.fr\/wp-content\/uploads\/2015\/11\/Rando_21-1.jpg\" data-attachment-id=\"105\" class=\"fg-thumb\"><span class=\"fg-image-wrap\"><img width=\"150\" height=\"150\" class=\"skip-lazy fg-image\" data-src-fg=\"https:\/\/metabief-equitation.fr\/wp-content\/uploads\/2015\/11\/Rando_21-1.jpg\" src=\"data:image\/svg+xml,%3Csvg%20xmlns%3D%22http%3A%2F%2Fwww.w3.org%2F2000%2Fsvg%22%20width%3D%22150%22%20height%3D%22150%22%20viewBox%3D%220%200%20150%20150%22%3E%3C%2Fsvg%3E\" \/><\/span><span class=\"fg-image-overlay\"><\/span><\/a><figcaption class=\"fg-caption\"><div class=\"fg-caption-inner\"><\/div><\/figcaption><\/figure><div class=\"fg-loader\"><\/div><\/div><div class=\"fg-item fg-type-image fg-idle\"><figure class=\"fg-item-inner\"><a href=\"https:\/\/metabief-equitation.fr\/wp-content\/uploads\/2015\/11\/ski_1-1.jpg\" data-attachment-id=\"106\" class=\"fg-thumb\"><span class=\"fg-image-wrap\"><img width=\"150\" height=\"150\" class=\"skip-lazy fg-image\" data-src-fg=\"https:\/\/metabief-equitation.fr\/wp-content\/uploads\/2015\/11\/ski_1-1.jpg\" src=\"data:image\/svg+xml,%3Csvg%20xmlns%3D%22http%3A%2F%2Fwww.w3.org%2F2000%2Fsvg%22%20width%3D%22150%22%20height%3D%22150%22%20viewBox%3D%220%200%20150%20150%22%3E%3C%2Fsvg%3E\" \/><\/span><span class=\"fg-image-overlay\"><\/span><\/a><figcaption class=\"fg-caption\"><div class=\"fg-caption-inner\"><\/div><\/figcaption><\/figure><div class=\"fg-loader\"><\/div><\/div><div class=\"fg-item fg-type-image fg-idle\"><figure class=\"fg-item-inner\"><a href=\"https:\/\/metabief-equitation.fr\/wp-content\/uploads\/2015\/11\/ski_2-1.jpg\" data-attachment-id=\"107\" class=\"fg-thumb\"><span class=\"fg-image-wrap\"><img width=\"150\" height=\"150\" class=\"skip-lazy fg-image\" data-src-fg=\"https:\/\/metabief-equitation.fr\/wp-content\/uploads\/2015\/11\/ski_2-1.jpg\" src=\"data:image\/svg+xml,%3Csvg%20xmlns%3D%22http%3A%2F%2Fwww.w3.org%2F2000%2Fsvg%22%20width%3D%22150%22%20height%3D%22150%22%20viewBox%3D%220%200%20150%20150%22%3E%3C%2Fsvg%3E\" \/><\/span><span class=\"fg-image-overlay\"><\/span><\/a><figcaption class=\"fg-caption\"><div class=\"fg-caption-inner\"><\/div><\/figcaption><\/figure><div class=\"fg-loader\"><\/div><\/div><\/div>\r\n\n","protected":false},"excerpt":{"rendered":"<p>\u00a0 Nous vous proposons (d\u00e8s 8 ans et selon votre niveau) : Des le\u00e7ons en man\u00e8ge, carri\u00e8re ou sur le cross (d\u00e8s le galop 5) Des stages pendant certaines vacances scolaires La pr\u00e9paration et le passage des examens f\u00e9d\u00e9raux Des promenades et randonn\u00e9es de 1H \u00e0 plusieurs jours Diverses activit\u00e9s hivernales &nbsp; L&rsquo;\u00e9quipe Calendrier<\/p>\n","protected":false},"author":1,"featured_media":102,"parent":0,"menu_order":0,"comment_status":"closed","ping_status":"closed","template":"","meta":[],"yoast_head":"<!-- This site is optimized with the Yoast SEO plugin v16.8 - https:\/\/yoast.com\/wordpress\/plugins\/seo\/ -->\n<title>Activit\u00e9s - M\u00e9tabief Equitation<\/title>\n<meta name=\"robots\" content=\"index, follow, max-snippet:-1, max-image-preview:large, max-video-preview:-1\" \/>\n<link rel=\"canonical\" href=\"http:\/\/metabief-equitation.fr\/?page_id=98\" \/>\n<meta property=\"og:locale\" content=\"fr_FR\" \/>\n<meta property=\"og:type\" content=\"article\" \/>\n<meta property=\"og:title\" content=\"Activit\u00e9s - M\u00e9tabief Equitation\" \/>\n<meta property=\"og:description\" content=\"\u00a0 Nous vous proposons (d\u00e8s 8 ans et selon votre niveau) : Des le\u00e7ons en man\u00e8ge, carri\u00e8re ou sur le cross (d\u00e8s le galop 5) Des stages pendant certaines vacances scolaires La pr\u00e9paration et le passage des examens f\u00e9d\u00e9raux Des promenades et randonn\u00e9es de 1H \u00e0 plusieurs jours Diverses activit\u00e9s hivernales &nbsp; L&rsquo;\u00e9quipe Calendrier\" \/>\n<meta property=\"og:url\" content=\"http:\/\/metabief-equitation.fr\/?page_id=98\" \/>\n<meta property=\"og:site_name\" content=\"M\u00e9tabief Equitation\" \/>\n<meta property=\"article:modified_time\" content=\"2016-02-19T07:59:31+00:00\" \/>\n<meta property=\"og:image\" content=\"http:\/\/metabief-equitation.fr\/wp-content\/uploads\/2015\/11\/Rando_1-1024x658-1.jpg\" \/>\n\t<meta property=\"og:image:width\" content=\"1024\" \/>\n\t<meta property=\"og:image:height\" content=\"658\" \/>\n<meta name=\"twitter:card\" content=\"summary\" \/>\n<script type=\"application\/ld+json\" class=\"yoast-schema-graph\">{\"@context\":\"https:\/\/schema.org\",\"@graph\":[{\"@type\":\"WebSite\",\"@id\":\"http:\/\/metabief-equitation.fr\/#website\",\"url\":\"http:\/\/metabief-equitation.fr\/\",\"name\":\"M\\u00e9tabief Equitation\",\"description\":\"Man\\u00e8ge du Mont d&#039;Or\",\"potentialAction\":[{\"@type\":\"SearchAction\",\"target\":{\"@type\":\"EntryPoint\",\"urlTemplate\":\"http:\/\/metabief-equitation.fr\/?s={search_term_string}\"},\"query-input\":\"required name=search_term_string\"}],\"inLanguage\":\"fr-FR\"},{\"@type\":\"ImageObject\",\"@id\":\"http:\/\/metabief-equitation.fr\/?page_id=98#primaryimage\",\"inLanguage\":\"fr-FR\",\"url\":\"https:\/\/metabief-equitation.fr\/wp-content\/uploads\/2015\/11\/Rando_1-1024x658-1.jpg\",\"contentUrl\":\"https:\/\/metabief-equitation.fr\/wp-content\/uploads\/2015\/11\/Rando_1-1024x658-1.jpg\",\"width\":1024,\"height\":658},{\"@type\":\"WebPage\",\"@id\":\"http:\/\/metabief-equitation.fr\/?page_id=98#webpage\",\"url\":\"http:\/\/metabief-equitation.fr\/?page_id=98\",\"name\":\"Activit\\u00e9s - M\\u00e9tabief Equitation\",\"isPartOf\":{\"@id\":\"http:\/\/metabief-equitation.fr\/#website\"},\"primaryImageOfPage\":{\"@id\":\"http:\/\/metabief-equitation.fr\/?page_id=98#primaryimage\"},\"datePublished\":\"2015-11-07T20:24:53+00:00\",\"dateModified\":\"2016-02-19T07:59:31+00:00\",\"breadcrumb\":{\"@id\":\"http:\/\/metabief-equitation.fr\/?page_id=98#breadcrumb\"},\"inLanguage\":\"fr-FR\",\"potentialAction\":[{\"@type\":\"ReadAction\",\"target\":[\"http:\/\/metabief-equitation.fr\/?page_id=98\"]}]},{\"@type\":\"BreadcrumbList\",\"@id\":\"http:\/\/metabief-equitation.fr\/?page_id=98#breadcrumb\",\"itemListElement\":[{\"@type\":\"ListItem\",\"position\":1,\"name\":\"Activit\\u00e9s\"}]}]}<\/script>\n<!-- \/ Yoast SEO plugin. -->","yoast_head_json":{"title":"Activit\u00e9s - M\u00e9tabief Equitation","robots":{"index":"index","follow":"follow","max-snippet":"max-snippet:-1","max-image-preview":"max-image-preview:large","max-video-preview":"max-video-preview:-1"},"canonical":"http:\/\/metabief-equitation.fr\/?page_id=98","og_locale":"fr_FR","og_type":"article","og_title":"Activit\u00e9s - M\u00e9tabief Equitation","og_description":"\u00a0 Nous vous proposons (d\u00e8s 8 ans et selon votre niveau) : Des le\u00e7ons en man\u00e8ge, carri\u00e8re ou sur le cross (d\u00e8s le galop 5) Des stages pendant certaines vacances scolaires La pr\u00e9paration et le passage des examens f\u00e9d\u00e9raux Des promenades et randonn\u00e9es de 1H \u00e0 plusieurs jours Diverses activit\u00e9s hivernales &nbsp; L&rsquo;\u00e9quipe Calendrier","og_url":"http:\/\/metabief-equitation.fr\/?page_id=98","og_site_name":"M\u00e9tabief Equitation","article_modified_time":"2016-02-19T07:59:31+00:00","og_image":[{"width":1024,"height":658,"url":"http:\/\/metabief-equitation.fr\/wp-content\/uploads\/2015\/11\/Rando_1-1024x658-1.jpg","path":"D:\/wamp64\/www\/metabiefweb\/wp-content\/uploads\/2015\/11\/Rando_1-1024x658-1.jpg","size":"full","id":102,"alt":"","pixels":673792,"type":"image\/jpeg"}],"twitter_card":"summary","schema":{"@context":"https:\/\/schema.org","@graph":[{"@type":"WebSite","@id":"http:\/\/metabief-equitation.fr\/#website","url":"http:\/\/metabief-equitation.fr\/","name":"M\u00e9tabief Equitation","description":"Man\u00e8ge du Mont d&#039;Or","potentialAction":[{"@type":"SearchAction","target":{"@type":"EntryPoint","urlTemplate":"http:\/\/metabief-equitation.fr\/?s={search_term_string}"},"query-input":"required name=search_term_string"}],"inLanguage":"fr-FR"},{"@type":"ImageObject","@id":"http:\/\/metabief-equitation.fr\/?page_id=98#primaryimage","inLanguage":"fr-FR","url":"https:\/\/metabief-equitation.fr\/wp-content\/uploads\/2015\/11\/Rando_1-1024x658-1.jpg","contentUrl":"https:\/\/metabief-equitation.fr\/wp-content\/uploads\/2015\/11\/Rando_1-1024x658-1.jpg","width":1024,"height":658},{"@type":"WebPage","@id":"http:\/\/metabief-equitation.fr\/?page_id=98#webpage","url":"http:\/\/metabief-equitation.fr\/?page_id=98","name":"Activit\u00e9s - M\u00e9tabief Equitation","isPartOf":{"@id":"http:\/\/metabief-equitation.fr\/#website"},"primaryImageOfPage":{"@id":"http:\/\/metabief-equitation.fr\/?page_id=98#primaryimage"},"datePublished":"2015-11-07T20:24:53+00:00","dateModified":"2016-02-19T07:59:31+00:00","breadcrumb":{"@id":"http:\/\/metabief-equitation.fr\/?page_id=98#breadcrumb"},"inLanguage":"fr-FR","potentialAction":[{"@type":"ReadAction","target":["http:\/\/metabief-equitation.fr\/?page_id=98"]}]},{"@type":"BreadcrumbList","@id":"http:\/\/metabief-equitation.fr\/?page_id=98#breadcrumb","itemListElement":[{"@type":"ListItem","position":1,"name":"Activit\u00e9s"}]}]}},"_links":{"self":[{"href":"https:\/\/metabief-equitation.fr\/index.php?rest_route=\/wp\/v2\/pages\/98"}],"collection":[{"href":"https:\/\/metabief-equitation.fr\/index.php?rest_route=\/wp\/v2\/pages"}],"about":[{"href":"https:\/\/metabief-equitation.fr\/index.php?rest_route=\/wp\/v2\/types\/page"}],"author":[{"embeddable":true,"href":"https:\/\/metabief-equitation.fr\/index.php?rest_route=\/wp\/v2\/users\/1"}],"replies":[{"embeddable":true,"href":"https:\/\/metabief-equitation.fr\/index.php?rest_route=%2Fwp%2Fv2%2Fcomments&post=98"}],"version-history":[{"count":0,"href":"https:\/\/metabief-equitation.fr\/index.php?rest_route=\/wp\/v2\/pages\/98\/revisions"}],"wp:featuredmedia":[{"embeddable":true,"href":"https:\/\/metabief-equitation.fr\/index.php?rest_route=\/wp\/v2\/media\/102"}],"wp:attachment":[{"href":"https:\/\/metabief-equitation.fr\/index.php?rest_route=%2Fwp%2Fv2%2Fmedia&parent=98"}],"curies":[{"name":"wp","href":"https:\/\/api.w.org\/{rel}","templated":true}]}}