{"id":153,"date":"2015-11-08T00:11:58","date_gmt":"2015-11-07T23:11:58","guid":{"rendered":"http:\/\/metabief-equitation.fr\/wordpress\/?page_id=153"},"modified":"2016-02-12T18:31:40","modified_gmt":"2016-02-12T17:31:40","slug":"installations-2","status":"publish","type":"page","link":"http:\/\/metabief-equitation.fr\/?page_id=153","title":{"rendered":"Installations"},"content":{"rendered":"<p style=\"text-align: justify;\">\u00a0<\/p>\n<p style=\"text-align: justify;\">Le Man\u00e8ge du Mont d\u2019Or a ouvert ses portes en 1994.<\/p>\n<p style=\"text-align: justify;\">\u00a0<\/p>\n<p style=\"text-align: justify;\">Toute l\u2019ann\u00e9e, vous pouvez profiter du<strong> man\u00e8ge couvert de 45 x 20 m<\/strong> . D\u00e8s les beaux jours, de nombreuses le\u00e7ons se d\u00e9roulent dans la<strong> carri\u00e8re en sable de 70 x 40 m<\/strong>.<\/p>\n<p style=\"text-align: justify;\">\u00a0<\/p>\n<p style=\"text-align: justify;\">Depuis 2003, nous disposons \u00e9galement d\u2019une <strong>carri\u00e8re en herbe de 100 x 80 m<\/strong>, o\u00f9 sont organis\u00e9s la plupart des concours.<\/p>\n<p style=\"text-align: justify;\">\u00a0<\/p>\n<p style=\"text-align: justify;\">D\u00e8s le galop 5, vous pourrez go\u00fbter aux joies du <strong>cross <\/strong>sur le terrain de <strong>12 ha<\/strong> avoisinant le man\u00e8ge, sur lequel de nouveaux obstacles sont construits chaque ann\u00e9e.<\/p>\n<p style=\"text-align: justify;\">\u00a0<\/p>\n<p style=\"text-align: justify;\">Enfin, pour les amateurs de randonn\u00e9es, le cadre exceptionnel de la r\u00e9gion offre de <strong>nombreux itin\u00e9raires de promenade<\/strong>.<\/p>\n<p style=\"text-align: justify;\">\u00a0<\/p>\n<p style=\"text-align: justify;\">Ci-dessous, quelques photos des installations avec dans l\u2019ordre : le man\u00e8ge, la carri\u00e8re en sable, la carri\u00e8re en herbe et le terrain de cross.<\/p>\n<p style=\"text-align: justify;\">\u00a0<\/p>\n\n<style>\n\n\t\/*Used to keep captions inside the visible area*\/\n\t#foogallery-gallery-154 .foo-item {\n\t\tmax-height: 170px;\n\t}\n\n\t#foogallery-gallery-154.border-style-inset a::after {\n\t\tbox-shadow: inset 0 0 20px #000;\n\t\t-moz-box-shadow: inset 0 0 20px #000;\n\t\t-webkit-box-shadow: inset 0 0 calc(170)px\/4 rgba(0,0,0,0.8);\n\t}\n<\/style>\n\n<div id=\"foogallery-gallery-154\" class=\"foogallery foogallery-container foogallery-owl-carousel foogallery-lightbox-foobox-free owl-carousel hover-effect-zoom border-style-square-white hasborder\">\n\n\t\t\t\t<div class=\"foo-item\" >\n\t\t\t<a  href=\"http:\/\/metabief-equitation.fr\/wp-content\/uploads\/2015\/11\/manege_11-1-e1455562892275.jpg\" data-attachment-id=\"165\" class=\"\"><img  src=\"http:\/\/metabief-equitation.fr\/wp-content\/uploads\/cache\/2015\/11\/manege_11-1-e1455562892275\/-1742747950.jpg\" width=\"150\" height=\"150\" class=\"skip-lazy\" \/><\/a>\n\t\t\t<\/div>\n\n\t\t\t\t<div class=\"foo-item\" >\n\t\t\t<a  href=\"http:\/\/metabief-equitation.fr\/wp-content\/uploads\/2015\/11\/manege_21-1-e1455562918704.jpg\" data-attachment-id=\"166\" class=\"\"><img  src=\"http:\/\/metabief-equitation.fr\/wp-content\/uploads\/cache\/2015\/11\/manege_21-1-e1455562918704\/-480219885.jpg\" width=\"150\" height=\"150\" class=\"skip-lazy\" \/><\/a>\n\t\t\t<\/div>\n\n\t\t\t\t<div class=\"foo-item\" >\n\t\t\t<a  href=\"http:\/\/metabief-equitation.fr\/wp-content\/uploads\/2015\/11\/manege_31-1-e1455562941245.jpg\" data-attachment-id=\"167\" class=\"\"><img  src=\"http:\/\/metabief-equitation.fr\/wp-content\/uploads\/cache\/2015\/11\/manege_31-1-e1455562941245\/-984159628.jpg\" width=\"150\" height=\"150\" class=\"skip-lazy\" \/><\/a>\n\t\t\t<\/div>\n\n\t\t\t\t<div class=\"foo-item\" >\n\t\t\t<a  href=\"http:\/\/metabief-equitation.fr\/wp-content\/uploads\/2015\/11\/carriere_sable_21-1-e1455562965353.jpg\" data-attachment-id=\"160\" class=\"\"><img  src=\"http:\/\/metabief-equitation.fr\/wp-content\/uploads\/cache\/2015\/11\/carriere_sable_21-1-e1455562965353\/-786888352.jpg\" width=\"150\" height=\"150\" class=\"skip-lazy\" \/><\/a>\n\t\t\t<\/div>\n\n\t\t\t\t<div class=\"foo-item\" >\n\t\t\t<a  href=\"http:\/\/metabief-equitation.fr\/wp-content\/uploads\/2015\/11\/carriere_sable_31-1-e1455562986618.jpg\" data-attachment-id=\"161\" class=\"\"><img  src=\"http:\/\/metabief-equitation.fr\/wp-content\/uploads\/cache\/2015\/11\/carriere_sable_31-1-e1455562986618\/1133778033.jpg\" width=\"150\" height=\"150\" class=\"skip-lazy\" \/><\/a>\n\t\t\t<\/div>\n\n\t\t\t\t<div class=\"foo-item\" >\n\t\t\t<a  href=\"http:\/\/metabief-equitation.fr\/wp-content\/uploads\/2015\/11\/carriere_sable_11-1-e1455563009399.jpg\" data-attachment-id=\"159\" class=\"\"><img  src=\"http:\/\/metabief-equitation.fr\/wp-content\/uploads\/cache\/2015\/11\/carriere_sable_11-1-e1455563009399\/-1358230437.jpg\" width=\"150\" height=\"150\" class=\"skip-lazy\" \/><\/a>\n\t\t\t<\/div>\n\n\t\t\t\t<div class=\"foo-item\" >\n\t\t\t<a  href=\"http:\/\/metabief-equitation.fr\/wp-content\/uploads\/2015\/11\/carriere_herbe_31-1-e1455563032169.jpg\" data-attachment-id=\"157\" class=\"\"><img  src=\"http:\/\/metabief-equitation.fr\/wp-content\/uploads\/cache\/2015\/11\/carriere_herbe_31-1-e1455563032169\/561426942.jpg\" width=\"150\" height=\"150\" class=\"skip-lazy\" \/><\/a>\n\t\t\t<\/div>\n\n\t\t\t\t<div class=\"foo-item\" >\n\t\t\t<a  href=\"http:\/\/metabief-equitation.fr\/wp-content\/uploads\/2015\/11\/carriere_herbe_21-1-e1455563058358.jpg\" data-attachment-id=\"156\" class=\"\"><img  src=\"http:\/\/metabief-equitation.fr\/wp-content\/uploads\/cache\/2015\/11\/carriere_herbe_21-1-e1455563058358\/-641233172.jpg\" width=\"150\" height=\"150\" class=\"skip-lazy\" \/><\/a>\n\t\t\t<\/div>\n\n\t\t\t\t<div class=\"foo-item\" >\n\t\t\t<a  href=\"http:\/\/metabief-equitation.fr\/wp-content\/uploads\/2015\/11\/carriere_herbe_11-1-e1455563092483.jpg\" data-attachment-id=\"155\" class=\"\"><img  src=\"http:\/\/metabief-equitation.fr\/wp-content\/uploads\/cache\/2015\/11\/carriere_herbe_11-1-e1455563092483\/2106067361.jpg\" width=\"150\" height=\"150\" class=\"skip-lazy\" \/><\/a>\n\t\t\t<\/div>\n\n\t\t\t\t<div class=\"foo-item\" >\n\t\t\t<a  href=\"http:\/\/metabief-equitation.fr\/wp-content\/uploads\/2015\/11\/cross_31-1-e1455563118824.jpg\" data-attachment-id=\"164\" class=\"\"><img  src=\"http:\/\/metabief-equitation.fr\/wp-content\/uploads\/cache\/2015\/11\/cross_31-1-e1455563118824\/-387507286.jpg\" width=\"150\" height=\"150\" class=\"skip-lazy\" \/><\/a>\n\t\t\t<\/div>\n\n\t\t\t\t<div class=\"foo-item\" >\n\t\t\t<a  href=\"http:\/\/metabief-equitation.fr\/wp-content\/uploads\/2015\/11\/cross_21-1-e1455563141382.jpg\" data-attachment-id=\"163\" class=\"\"><img  src=\"http:\/\/metabief-equitation.fr\/wp-content\/uploads\/cache\/2015\/11\/cross_21-1-e1455563141382\/-1099409471.jpg\" width=\"150\" height=\"150\" class=\"skip-lazy\" \/><\/a>\n\t\t\t<\/div>\n\n\t\t\t\t<div class=\"foo-item\" >\n\t\t\t<a  href=\"http:\/\/metabief-equitation.fr\/wp-content\/uploads\/2015\/11\/cross_11-1.jpg\" data-attachment-id=\"162\" class=\"\"><img  src=\"http:\/\/metabief-equitation.fr\/wp-content\/uploads\/cache\/2015\/11\/cross_11-1\/-1039356997.jpg\" width=\"150\" height=\"150\" class=\"skip-lazy\" \/><\/a>\n\t\t\t<\/div>\n\n\t<\/div>\n\n<script>\n\/* The Owl Initialization Script\n\/* The first lines conditionally show the slide animation *\/\njQuery(window).on(\"load\", function(){\n\tvar $galleryContainer = jQuery( '#foogallery-gallery-154' );\n\tvar $containerID = '#foogallery-gallery-154';\n\n\tjQuery(document).on('keydown', function( event ) { \/\/attach event listener\n\t\tif (event.keyCode == 37) {\n\t\t\t$galleryContainer.trigger('prev.owl')\n\t\t}\n\t\tif (event.keyCode == 39) {\n\t\t\t$galleryContainer.trigger('next.owl')\n\t\t}\n\t});\n\n\t\n\t$galleryContainer.owlCarousel({\n\tanimateOut: 'lightSpeedOut',\n\tanimateIn: 'lightSpeedIn',\n\t\titems: 4,\n\t\tnav: false,\n\t\tmargin: 5,\n\t\tloop:true,\n\t\tautoplay: true,\n\t\tautoplaySpeed: 1000,\n\t\tsmartSpeed:250,\n\t\tnavSpeed: 1250,\n\t\tnavText: ['prev', 'next'],\n\t\tautoplayHoverPause: true,\n\t\tlazyLoad: 1,\n\t\tautoWidth: 0,\n\t\t\t});\n});\n<\/script>\n<p style=\"text-align: justify;\">\u00a0<\/p>\n<p style=\"text-align: justify;\">\u00a0<\/p>\n","protected":false},"excerpt":{"rendered":"<p>\u00a0 Le Man\u00e8ge du Mont d\u2019Or a ouvert ses portes en 1994. \u00a0 Toute l\u2019ann\u00e9e, vous pouvez profiter du man\u00e8ge couvert de 45 x 20 m . D\u00e8s les beaux jours, de nombreuses le\u00e7ons se d\u00e9roulent dans la carri\u00e8re en sable de 70 x 40 m. \u00a0 Depuis 2003, nous disposons \u00e9galement d\u2019une carri\u00e8re en&#8230; <\/p>\n","protected":false},"author":1,"featured_media":160,"parent":0,"menu_order":7,"comment_status":"closed","ping_status":"closed","template":"","meta":[],"yoast_head":"<!-- This site is optimized with the Yoast SEO plugin v16.8 - https:\/\/yoast.com\/wordpress\/plugins\/seo\/ -->\n<title>Installations - M\u00e9tabief Equitation<\/title>\n<meta name=\"robots\" content=\"index, follow, max-snippet:-1, max-image-preview:large, max-video-preview:-1\" \/>\n<link rel=\"canonical\" href=\"http:\/\/metabief-equitation.fr\/?page_id=153\" \/>\n<meta property=\"og:locale\" content=\"fr_FR\" \/>\n<meta property=\"og:type\" content=\"article\" \/>\n<meta property=\"og:title\" content=\"Installations - M\u00e9tabief Equitation\" \/>\n<meta property=\"og:description\" content=\"\u00a0 Le Man\u00e8ge du Mont d\u2019Or a ouvert ses portes en 1994. \u00a0 Toute l\u2019ann\u00e9e, vous pouvez profiter du man\u00e8ge couvert de 45 x 20 m . D\u00e8s les beaux jours, de nombreuses le\u00e7ons se d\u00e9roulent dans la carri\u00e8re en sable de 70 x 40 m. \u00a0 Depuis 2003, nous disposons \u00e9galement d\u2019une carri\u00e8re en...\" \/>\n<meta property=\"og:url\" content=\"http:\/\/metabief-equitation.fr\/?page_id=153\" \/>\n<meta property=\"og:site_name\" content=\"M\u00e9tabief Equitation\" \/>\n<meta property=\"article:modified_time\" content=\"2016-02-12T17:31:40+00:00\" \/>\n<meta property=\"og:image\" content=\"http:\/\/metabief-equitation.fr\/wp-content\/uploads\/2015\/11\/carriere_sable_21-1-e1455562965353.jpg\" \/>\n\t<meta property=\"og:image:width\" content=\"1024\" \/>\n\t<meta property=\"og:image:height\" content=\"689\" \/>\n<meta name=\"twitter:card\" content=\"summary\" \/>\n<meta name=\"twitter:label1\" content=\"Dur\u00e9e de lecture est.\" \/>\n\t<meta name=\"twitter:data1\" content=\"1 minute\" \/>\n<script type=\"application\/ld+json\" class=\"yoast-schema-graph\">{\"@context\":\"https:\/\/schema.org\",\"@graph\":[{\"@type\":\"WebSite\",\"@id\":\"http:\/\/metabief-equitation.fr\/#website\",\"url\":\"http:\/\/metabief-equitation.fr\/\",\"name\":\"M\\u00e9tabief Equitation\",\"description\":\"Man\\u00e8ge du Mont d&#039;Or\",\"potentialAction\":[{\"@type\":\"SearchAction\",\"target\":{\"@type\":\"EntryPoint\",\"urlTemplate\":\"http:\/\/metabief-equitation.fr\/?s={search_term_string}\"},\"query-input\":\"required name=search_term_string\"}],\"inLanguage\":\"fr-FR\"},{\"@type\":\"ImageObject\",\"@id\":\"http:\/\/metabief-equitation.fr\/?page_id=153#primaryimage\",\"inLanguage\":\"fr-FR\",\"url\":\"http:\/\/metabief-equitation.fr\/wp-content\/uploads\/2015\/11\/carriere_sable_21-1-e1455562965353.jpg\",\"contentUrl\":\"http:\/\/metabief-equitation.fr\/wp-content\/uploads\/2015\/11\/carriere_sable_21-1-e1455562965353.jpg\",\"width\":1024,\"height\":689},{\"@type\":\"WebPage\",\"@id\":\"http:\/\/metabief-equitation.fr\/?page_id=153#webpage\",\"url\":\"http:\/\/metabief-equitation.fr\/?page_id=153\",\"name\":\"Installations - M\\u00e9tabief Equitation\",\"isPartOf\":{\"@id\":\"http:\/\/metabief-equitation.fr\/#website\"},\"primaryImageOfPage\":{\"@id\":\"http:\/\/metabief-equitation.fr\/?page_id=153#primaryimage\"},\"datePublished\":\"2015-11-07T23:11:58+00:00\",\"dateModified\":\"2016-02-12T17:31:40+00:00\",\"breadcrumb\":{\"@id\":\"http:\/\/metabief-equitation.fr\/?page_id=153#breadcrumb\"},\"inLanguage\":\"fr-FR\",\"potentialAction\":[{\"@type\":\"ReadAction\",\"target\":[\"http:\/\/metabief-equitation.fr\/?page_id=153\"]}]},{\"@type\":\"BreadcrumbList\",\"@id\":\"http:\/\/metabief-equitation.fr\/?page_id=153#breadcrumb\",\"itemListElement\":[{\"@type\":\"ListItem\",\"position\":1,\"name\":\"Installations\"}]}]}<\/script>\n<!-- \/ Yoast SEO plugin. -->","yoast_head_json":{"title":"Installations - M\u00e9tabief Equitation","robots":{"index":"index","follow":"follow","max-snippet":"max-snippet:-1","max-image-preview":"max-image-preview:large","max-video-preview":"max-video-preview:-1"},"canonical":"http:\/\/metabief-equitation.fr\/?page_id=153","og_locale":"fr_FR","og_type":"article","og_title":"Installations - M\u00e9tabief Equitation","og_description":"\u00a0 Le Man\u00e8ge du Mont d\u2019Or a ouvert ses portes en 1994. \u00a0 Toute l\u2019ann\u00e9e, vous pouvez profiter du man\u00e8ge couvert de 45 x 20 m . D\u00e8s les beaux jours, de nombreuses le\u00e7ons se d\u00e9roulent dans la carri\u00e8re en sable de 70 x 40 m. \u00a0 Depuis 2003, nous disposons \u00e9galement d\u2019une carri\u00e8re en...","og_url":"http:\/\/metabief-equitation.fr\/?page_id=153","og_site_name":"M\u00e9tabief Equitation","article_modified_time":"2016-02-12T17:31:40+00:00","og_image":[{"width":1024,"height":689,"url":"http:\/\/metabief-equitation.fr\/wp-content\/uploads\/2015\/11\/carriere_sable_21-1-e1455562965353.jpg","path":"D:\\wamp64\\www\\metabiefweb\/wp-content\/uploads\/2015\/11\/carriere_sable_21-1-e1455562965353.jpg","size":"full","id":160,"alt":"","pixels":705536,"type":"image\/jpeg"}],"twitter_card":"summary","twitter_misc":{"Dur\u00e9e de lecture est.":"1 minute"},"schema":{"@context":"https:\/\/schema.org","@graph":[{"@type":"WebSite","@id":"http:\/\/metabief-equitation.fr\/#website","url":"http:\/\/metabief-equitation.fr\/","name":"M\u00e9tabief Equitation","description":"Man\u00e8ge du Mont d&#039;Or","potentialAction":[{"@type":"SearchAction","target":{"@type":"EntryPoint","urlTemplate":"http:\/\/metabief-equitation.fr\/?s={search_term_string}"},"query-input":"required name=search_term_string"}],"inLanguage":"fr-FR"},{"@type":"ImageObject","@id":"http:\/\/metabief-equitation.fr\/?page_id=153#primaryimage","inLanguage":"fr-FR","url":"http:\/\/metabief-equitation.fr\/wp-content\/uploads\/2015\/11\/carriere_sable_21-1-e1455562965353.jpg","contentUrl":"http:\/\/metabief-equitation.fr\/wp-content\/uploads\/2015\/11\/carriere_sable_21-1-e1455562965353.jpg","width":1024,"height":689},{"@type":"WebPage","@id":"http:\/\/metabief-equitation.fr\/?page_id=153#webpage","url":"http:\/\/metabief-equitation.fr\/?page_id=153","name":"Installations - M\u00e9tabief Equitation","isPartOf":{"@id":"http:\/\/metabief-equitation.fr\/#website"},"primaryImageOfPage":{"@id":"http:\/\/metabief-equitation.fr\/?page_id=153#primaryimage"},"datePublished":"2015-11-07T23:11:58+00:00","dateModified":"2016-02-12T17:31:40+00:00","breadcrumb":{"@id":"http:\/\/metabief-equitation.fr\/?page_id=153#breadcrumb"},"inLanguage":"fr-FR","potentialAction":[{"@type":"ReadAction","target":["http:\/\/metabief-equitation.fr\/?page_id=153"]}]},{"@type":"BreadcrumbList","@id":"http:\/\/metabief-equitation.fr\/?page_id=153#breadcrumb","itemListElement":[{"@type":"ListItem","position":1,"name":"Installations"}]}]}},"_links":{"self":[{"href":"http:\/\/metabief-equitation.fr\/index.php?rest_route=\/wp\/v2\/pages\/153"}],"collection":[{"href":"http:\/\/metabief-equitation.fr\/index.php?rest_route=\/wp\/v2\/pages"}],"about":[{"href":"http:\/\/metabief-equitation.fr\/index.php?rest_route=\/wp\/v2\/types\/page"}],"author":[{"embeddable":true,"href":"http:\/\/metabief-equitation.fr\/index.php?rest_route=\/wp\/v2\/users\/1"}],"replies":[{"embeddable":true,"href":"http:\/\/metabief-equitation.fr\/index.php?rest_route=%2Fwp%2Fv2%2Fcomments&post=153"}],"version-history":[{"count":0,"href":"http:\/\/metabief-equitation.fr\/index.php?rest_route=\/wp\/v2\/pages\/153\/revisions"}],"wp:featuredmedia":[{"embeddable":true,"href":"http:\/\/metabief-equitation.fr\/index.php?rest_route=\/wp\/v2\/media\/160"}],"wp:attachment":[{"href":"http:\/\/metabief-equitation.fr\/index.php?rest_route=%2Fwp%2Fv2%2Fmedia&parent=153"}],"curies":[{"name":"wp","href":"https:\/\/api.w.org\/{rel}","templated":true}]}}