{"id":12,"date":"2011-03-10T22:05:45","date_gmt":"2011-03-10T21:05:45","guid":{"rendered":"http:\/\/127.0.0.1:8888\/?page_id=12"},"modified":"2020-06-15T15:26:17","modified_gmt":"2020-06-15T13:26:17","slug":"contact","status":"publish","type":"page","link":"http:\/\/metabief-equitation.fr\/?page_id=12","title":{"rendered":"Contact"},"content":{"rendered":"<p><strong>Man\u00e8ge du Mont d&rsquo;Or<\/strong><a href=\"http:\/\/metabief-equitation.fr\/wp-content\/uploads\/2011\/03\/1.jpg\"><img loading=\"lazy\" class=\"alignright size-full wp-image-402\" title=\"Contact\" src=\"http:\/\/metabief-equitation.fr\/wp-content\/uploads\/2011\/03\/1.jpg\" alt=\"\" width=\"300\" height=\"225\" \/><\/a><\/p>\n<p>25370 M\u00c9TABIEF<\/p>\n<p><span style=\"text-decoration: underline;\">T\u00e9l :<\/span><\/p>\n<ul>\n<li>03 81 49 23 61<\/li>\n<li>06 79 26 16 17\u00a0<\/li>\n<li>06 75 39 85 19<\/li>\n<\/ul>\n<p>Communication uniquement par t\u00e9l\u00e9phone ou courrier. Merci.<\/p>\n<p>&nbsp;<\/p>\n<p>Mail administrateur du site web :<\/p>\n<p><a href=\"http:\/\/metabief-equitation.fr\/wp-content\/uploads\/2011\/03\/mail21.png\"><img loading=\"lazy\" class=\"alignnone size-full wp-image-407\" title=\"mail2\" src=\"http:\/\/metabief-equitation.fr\/wp-content\/uploads\/2011\/03\/mail21.png\" alt=\"\" width=\"192\" height=\"14\" \/><\/a><\/p>\n","protected":false},"excerpt":{"rendered":"<p>Man\u00e8ge du Mont d&rsquo;Or 25370 M\u00c9TABIEF T\u00e9l : 03 81 49 23 61 06 79 26 16 17\u00a0 06 75 39 85 19 Communication uniquement par t\u00e9l\u00e9phone ou courrier. Merci. &nbsp; Mail administrateur du site web :<\/p>\n","protected":false},"author":1,"featured_media":0,"parent":0,"menu_order":7,"comment_status":"closed","ping_status":"closed","template":"","meta":[],"yoast_head":"<!-- This site is optimized with the Yoast SEO plugin v16.8 - https:\/\/yoast.com\/wordpress\/plugins\/seo\/ -->\n<title>Contact - M\u00e9tabief Equitation<\/title>\n<meta name=\"robots\" content=\"index, follow, max-snippet:-1, max-image-preview:large, max-video-preview:-1\" \/>\n<link rel=\"canonical\" href=\"http:\/\/metabief-equitation.fr\/?page_id=12\" \/>\n<meta property=\"og:locale\" content=\"fr_FR\" \/>\n<meta property=\"og:type\" content=\"article\" \/>\n<meta property=\"og:title\" content=\"Contact - M\u00e9tabief Equitation\" \/>\n<meta property=\"og:description\" content=\"Man\u00e8ge du Mont d&rsquo;Or 25370 M\u00c9TABIEF T\u00e9l : 03 81 49 23 61 06 79 26 16 17\u00a0 06 75 39 85 19 Communication uniquement par t\u00e9l\u00e9phone ou courrier. Merci. &nbsp; Mail administrateur du site web :\" \/>\n<meta property=\"og:url\" content=\"http:\/\/metabief-equitation.fr\/?page_id=12\" \/>\n<meta property=\"og:site_name\" content=\"M\u00e9tabief Equitation\" \/>\n<meta property=\"article:modified_time\" content=\"2020-06-15T13:26:17+00:00\" \/>\n<meta property=\"og:image\" content=\"http:\/\/metabief-equitation.fr\/wp-content\/uploads\/2011\/03\/1.jpg\" \/>\n<meta name=\"twitter:card\" content=\"summary\" \/>\n<script type=\"application\/ld+json\" class=\"yoast-schema-graph\">{\"@context\":\"https:\/\/schema.org\",\"@graph\":[{\"@type\":\"WebSite\",\"@id\":\"https:\/\/metabief-equitation.fr\/#website\",\"url\":\"https:\/\/metabief-equitation.fr\/\",\"name\":\"M\\u00e9tabief Equitation\",\"description\":\"Man\\u00e8ge du Mont d&#039;Or\",\"potentialAction\":[{\"@type\":\"SearchAction\",\"target\":{\"@type\":\"EntryPoint\",\"urlTemplate\":\"https:\/\/metabief-equitation.fr\/?s={search_term_string}\"},\"query-input\":\"required name=search_term_string\"}],\"inLanguage\":\"fr-FR\"},{\"@type\":\"ImageObject\",\"@id\":\"http:\/\/metabief-equitation.fr\/?page_id=12#primaryimage\",\"inLanguage\":\"fr-FR\",\"url\":\"http:\/\/metabief-equitation.fr\/wp-content\/uploads\/2011\/03\/1.jpg\",\"contentUrl\":\"http:\/\/metabief-equitation.fr\/wp-content\/uploads\/2011\/03\/1.jpg\",\"width\":\"300\",\"height\":\"225\"},{\"@type\":\"WebPage\",\"@id\":\"http:\/\/metabief-equitation.fr\/?page_id=12#webpage\",\"url\":\"http:\/\/metabief-equitation.fr\/?page_id=12\",\"name\":\"Contact - M\\u00e9tabief Equitation\",\"isPartOf\":{\"@id\":\"https:\/\/metabief-equitation.fr\/#website\"},\"primaryImageOfPage\":{\"@id\":\"http:\/\/metabief-equitation.fr\/?page_id=12#primaryimage\"},\"datePublished\":\"2011-03-10T21:05:45+00:00\",\"dateModified\":\"2020-06-15T13:26:17+00:00\",\"breadcrumb\":{\"@id\":\"http:\/\/metabief-equitation.fr\/?page_id=12#breadcrumb\"},\"inLanguage\":\"fr-FR\",\"potentialAction\":[{\"@type\":\"ReadAction\",\"target\":[\"http:\/\/metabief-equitation.fr\/?page_id=12\"]}]},{\"@type\":\"BreadcrumbList\",\"@id\":\"http:\/\/metabief-equitation.fr\/?page_id=12#breadcrumb\",\"itemListElement\":[{\"@type\":\"ListItem\",\"position\":1,\"name\":\"Contact\"}]}]}<\/script>\n<!-- \/ Yoast SEO plugin. -->","yoast_head_json":{"title":"Contact - M\u00e9tabief Equitation","robots":{"index":"index","follow":"follow","max-snippet":"max-snippet:-1","max-image-preview":"max-image-preview:large","max-video-preview":"max-video-preview:-1"},"canonical":"http:\/\/metabief-equitation.fr\/?page_id=12","og_locale":"fr_FR","og_type":"article","og_title":"Contact - M\u00e9tabief Equitation","og_description":"Man\u00e8ge du Mont d&rsquo;Or 25370 M\u00c9TABIEF T\u00e9l : 03 81 49 23 61 06 79 26 16 17\u00a0 06 75 39 85 19 Communication uniquement par t\u00e9l\u00e9phone ou courrier. Merci. &nbsp; Mail administrateur du site web :","og_url":"http:\/\/metabief-equitation.fr\/?page_id=12","og_site_name":"M\u00e9tabief Equitation","article_modified_time":"2020-06-15T13:26:17+00:00","og_image":[{"url":"http:\/\/metabief-equitation.fr\/wp-content\/uploads\/2011\/03\/1.jpg"}],"twitter_card":"summary","schema":{"@context":"https:\/\/schema.org","@graph":[{"@type":"WebSite","@id":"https:\/\/metabief-equitation.fr\/#website","url":"https:\/\/metabief-equitation.fr\/","name":"M\u00e9tabief Equitation","description":"Man\u00e8ge du Mont d&#039;Or","potentialAction":[{"@type":"SearchAction","target":{"@type":"EntryPoint","urlTemplate":"https:\/\/metabief-equitation.fr\/?s={search_term_string}"},"query-input":"required name=search_term_string"}],"inLanguage":"fr-FR"},{"@type":"ImageObject","@id":"http:\/\/metabief-equitation.fr\/?page_id=12#primaryimage","inLanguage":"fr-FR","url":"http:\/\/metabief-equitation.fr\/wp-content\/uploads\/2011\/03\/1.jpg","contentUrl":"http:\/\/metabief-equitation.fr\/wp-content\/uploads\/2011\/03\/1.jpg","width":"300","height":"225"},{"@type":"WebPage","@id":"http:\/\/metabief-equitation.fr\/?page_id=12#webpage","url":"http:\/\/metabief-equitation.fr\/?page_id=12","name":"Contact - M\u00e9tabief Equitation","isPartOf":{"@id":"https:\/\/metabief-equitation.fr\/#website"},"primaryImageOfPage":{"@id":"http:\/\/metabief-equitation.fr\/?page_id=12#primaryimage"},"datePublished":"2011-03-10T21:05:45+00:00","dateModified":"2020-06-15T13:26:17+00:00","breadcrumb":{"@id":"http:\/\/metabief-equitation.fr\/?page_id=12#breadcrumb"},"inLanguage":"fr-FR","potentialAction":[{"@type":"ReadAction","target":["http:\/\/metabief-equitation.fr\/?page_id=12"]}]},{"@type":"BreadcrumbList","@id":"http:\/\/metabief-equitation.fr\/?page_id=12#breadcrumb","itemListElement":[{"@type":"ListItem","position":1,"name":"Contact"}]}]}},"_links":{"self":[{"href":"http:\/\/metabief-equitation.fr\/index.php?rest_route=\/wp\/v2\/pages\/12"}],"collection":[{"href":"http:\/\/metabief-equitation.fr\/index.php?rest_route=\/wp\/v2\/pages"}],"about":[{"href":"http:\/\/metabief-equitation.fr\/index.php?rest_route=\/wp\/v2\/types\/page"}],"author":[{"embeddable":true,"href":"http:\/\/metabief-equitation.fr\/index.php?rest_route=\/wp\/v2\/users\/1"}],"replies":[{"embeddable":true,"href":"http:\/\/metabief-equitation.fr\/index.php?rest_route=%2Fwp%2Fv2%2Fcomments&post=12"}],"version-history":[{"count":0,"href":"http:\/\/metabief-equitation.fr\/index.php?rest_route=\/wp\/v2\/pages\/12\/revisions"}],"wp:attachment":[{"href":"http:\/\/metabief-equitation.fr\/index.php?rest_route=%2Fwp%2Fv2%2Fmedia&parent=12"}],"curies":[{"name":"wp","href":"https:\/\/api.w.org\/{rel}","templated":true}]}}